 y(0).
11
Suppose 3*f - 7*f + 112 = 0. List the prime factors of f.
2, 7
Let v(f) = f**2 + 7*f + 10. Let o be (-14)/3 - (-4)/6. Let n be 2/o - (-52)/(-8). List the prime factors of v(n).
2, 5
Suppose -4*s + 23 = -9. Suppose s*r - 3*r - 20 = 0. What are the prime factors of r?
2
Let g(r) be the third derivative of -r**5/60 + r**4/4 + 4*r**3/3 + r**2. Suppose -6 = -2*s + s. What are the prime factors of g(s)?
2
Let k(v) = v**3 - 11*v**2 + 11*v - 8. Let f be k(10). Suppose f*n - 5 = 9. Suppose -2*p - 5*i + 51 = 0, 0 = -0*p + p - 4*i + n. List the prime factors of p.
13
Suppose -3 = -2*g + g. Suppose l + 2*l = 5*r + 26, -4*l + 27 = r. Let m = g + l. What are the prime factors of m?
2, 5
Suppose 24*q = 25*q - 105. What are the prime factors of q?
3, 5, 7
Let n = -1 - -11. Suppose -2*c - j = -2 - 4, 4*c + 3*j - n = 0. List the prime factors of c.
2
Suppose -3*v = -2*v - 4. Suppose -8 = -v*q - 0. List the prime factors of q.
2
Let q(i) be the second derivative of 5*i**4/12 - i**3/6 + 2*i. What are the prime factors of q(1)?
2
Let q = 3 - -3. What are the prime factors of 4/q + (-20)/(-15)?
2
Let u(h) = 2*h**2 + 11*h + 6. What are the prime factors of u(5)?
3, 37
Suppose -a - o = -5*o - 2, -3*o + 27 = 4*a. Let j be ((-6)/(-1))/((-21)/(-14)). Suppose -j*u = -u - a. List the prime factors of u.
2
Let c be 0 - -2 - (1 - 0). List the prime factors of (3 - (c - 1)) + 8.
11
Let j = 80 + -58. Let v = 48 + -2. Suppose -j = -4*o + v. What are the prime factors of o?
17
Let l(n) = n**3 + 10*n**2 + 8*n + 7. What are the prime factors of l(-6)?
103
Let z be 18/(-63)*(-14)/2. Let o(n) be the second derivative of n**4/6 - n**3/3 + n**2/2 - n. List the prime factors of o(z).
5
Suppose 2*m - 6 = -m - 3*f, 5*m - 12 = -4*f. Let j = m - 1. Suppose -j*p + 45 = -d, -p + d = -11 - 4. What are the prime factors of p?
3, 5
Let v(x) = x**3 + 8*x**2 + 4*x - 8. Suppose 4*t - 2*t + 30 = 0. Let n = 8 + t. What are the prime factors of v(n)?
13
Suppose -5*i + 47 - 2 = 0. Suppose -c + 3*c = 6. List the prime factors of 1*c*24/i.
2
Let d = -5 - -9. Suppose -6*u + u = -d*k + 119, -4*u = -k + 38. What are the prime factors of k?
2, 13
Let c be 10*((-6)/(-4) + -1). Suppose -2*f + c = -3*f + 3*i, -2*f + 5*i - 8 = 0. List the prime factors of f/((-2)/(-6)) + 2.
5
Let p(a) = -4*a - 1. Let u be p(-1). Suppose u + 3 = -3*k. What are the prime factors of k/4 + 27/2?
13
Let r = -9 + 4. Let l = -5 - r. Suppose 3*j - 12 - 36 = l. What are the prime factors of j?
2
Suppose -2*g + 5*i - 13 = -g, 2*i = 4. Let f(a) = -2*a - 13. Let k be f(-12). Let z = k + g. List the prime factors of z.
2
Let d(y) = -y**3 - y + 65. Let f be d(0). Let w = 96 - f. List the prime factors of w.
31
Suppose 0 = -5*u - o + 2, u = -u - 5*o + 10. Suppose y + y - 32 = u. List the prime factors of y.
2
Let l(p) = -3*p**3 + 2*p + 5*p**2 + 4*p**3 + 5 - 8*p. Let w be l(-6). Suppose w*m - 4*n = n + 60, -3*m + n = -32. What are the prime factors of m?
2, 5
Suppose -4*m - 4 = -5*m. List the prime factors of m.
2
Let z = 37 + -53. List the prime factors of (-32)/6*72/z.
2, 3
Suppose -3*g + 50 = -g. List the prime factors of g.
5
Let s(m) be the second derivative of m**3/3 - 5*m**2/2 + 5*m. List the prime factors of s(7).
3
Let c = 7 - 2. Suppose c*r - 8 = g, -5*g - 30 + 12 = -3*r. What are the prime factors of 6*(0 + -2 - g)?
2, 3
Let j = 1 + 4. Let w = -1 + j. What are the prime factors of w?
2
Let k = -145 + 205. Let v be k/(-8) + 6/(-4). What are the prime factors of (-1)/((v/6)/3)?
2
Suppose -3*p = -8*p. Suppose 3*z = -o - 12, p*o - o = -5*z - 20. Suppose o = c - 4. What are the prime factors of c?
2
Let o(s) = -s + 41. List the prime factors of o(20).
3, 7
Suppose -2*o + 0*f + 109 = -5*f, -4*o + 182 = 2*f. What are the prime factors of o?
47
Let s(t) = 5*t**2 - 6*t - 10. What are the prime factors of s(-3)?
53
Suppose -3*g - 82 = -r, -3*r + 5*g = -r - 159. List the prime factors of r.
67
Suppose -z = 4*z - 3*h - 232, -2*h + 2 = 0. List the prime factors of z.
47
Suppose 3*k - 4*o = 0, -2*k + 3*k + 5 = 3*o. Suppose 2*m - 4 = 2*u, -u + 3*u + 2 = 0. Let w = m + k. What are the prime factors of w?
5
Let x(a) = -a**3 - 11*a**2 - 13*a - 3. Let j = -18 + 8. What are the prime factors of x(j)?
3
Let c = 49 - 49. Suppose -10 = -2*n - 3*n. Suppose -8 = -n*k - c, 3*k = 4*y - 32. What are the prime factors of y?
11
Let y(z) be the second derivative of z**5/20 - z**4/4 - z**3 - z**2/2 + z. What are the prime factors of y(5)?
19
Let k(o) = o + 0*o + 5 - 4 + 0*o. Let n be 4 + (2 - 1/1). What are the prime factors of k(n)?
2, 3
Let o(j) = -j**2 + 13*j + 3. List the prime factors of o(7).
3, 5
Let n(y) = -y**3 + 11*y**2 + 3*y + 10. List the prime factors of n(11).
43
Let f(m) be the first derivative of m**4/6 - 4*m**3/3 + 2*m**2 + 3*m + 3. Let d(u) be the first derivative of f(u). List the prime factors of d(5).
2, 7
Let z = 154 + -83. Suppose -3*y + 106 = -z. What are the prime factors of y?
59
Suppose 0 = -l + 2*l - 2*x - 18, 3*x + 60 = 3*l. Suppose -5*s - 53 = l. Let f = s + 26. What are the prime factors of f?
11
Suppose -1 = -p + 5. Suppose 3*r - 2*b - 15 = 0, -5*b - 1 + p = r. Let u(t) = t**3 - 5*t**2 + t + 1. What are the prime factors of u(r)?
2, 3
Suppose 0 = -5*n + j + 862, -n + 3*n + j = 349. List the prime factors of n.
173
Let l be (6 - 3)/1*-1. Let j = l - -13. Suppose r + j = 6*r. List the prime factors of r.
2
Let p(m) = 5*m**3 - 2*m**2 - m + 2. List the prime factors of p(2).
2
Let b = 1 - -5. Let l be (-4)/b + 5/3. Let q = 8 + l. What are the prime factors of q?
3
Suppose s + 2 = -0. What are the prime factors of ((-34)/s)/(-2 - -3)?
17
Let v = -268 + 418. What are the prime factors of v?
2, 3, 5
Suppose -2*d - 3*d + 2*t = -63, t = -3*d + 40. Suppose 3*o + 5 = 17. Let y = d - o. What are the prime factors of y?
3
List the prime factors of (-1)/((-1011)/202 - -5).
2, 101
Suppose -3*g + g + 10 = 0. Let h(m) = -m**2 + 8*m - 2. Let u be h(6). Let t = u - g. What are the prime factors of t?
5
Let o(t) = t + 4. Let l be o(-6). List the prime factors of (-1 - l)*(6 + 1).
7
Let x(j) = j**3 - j**2 + 1. Let b be x(-1). What are the prime factors of (-11)/(b - -2)*-1?
11
Suppose -3*k = -7*w + 9*w - 365, -5*k = -5*w + 875. What are the prime factors of w?
2, 89
Let u(q) = -5 + 1 + 3 - 2*q + q**2 + q. List the prime factors of u(5).
19
Suppose 3*r - 58 = 17. What are the prime factors of r?
5
Suppose 5*i = 300 - 105. List the prime factors of i.
3, 13
Let w(o) = -o**3 - 6*o**2 - 6*o + 5. Let b be w(-5). Let z be 2/(-2)*(-4 + -2). Let v = b - z. List the prime factors of v.
2
Let q = 18 + 25. What are the prime factors of q?
43
Let a(x) = x - 3. Let s be 4/14 - 44/7. Let o be a(s). List the prime factors of (-3)/(o/6)*4.
2
Let g = -2 - -2. Let f be (1 - 0)/(-1 + 0). List the prime factors of g/(-3) - -1 - f.
2
Let i = -7 + 9. Suppose -1 = -4*u - i*g + 15, 3*u + 2*g = 13. Suppose 3 = o - u. What are the prime factors of o?
2, 3
Let s(o) = o**3 + 6*o**2 + 2*o - 8. Let n be s(-5). Let m(i) = i. Let t be m(-4). Let a = n + t. List the prime factors of a.
3
Let i(b) = -2*b**3 + 11*b - 3. What are the prime factors of i(-4)?
3
Let o = -39 - -20. Let u = o + 21. List the prime factors of u.
2
Let w = -240 + 432. Suppose 2*q + q + w = 0. Let g = -42 - q. What are the prime factors of g?
2, 11
Let b = -30 + 52. List the prime factors of b.
2, 11
Suppose 4*u + 4*n - 3*n = 61, -5*u - 4*n = -90. What are the prime factors of u?
2, 7
List the prime factors of -2 + 4 - -214 - -3.
3, 73
Suppose u + 33 = 2*u. List the prime factors of u.
3, 11
Let g = 2 - -4. Suppose -u = -g - 5. What are the prime factors of u?
11
Suppose 11*z = 16*z - 155. What are the prime factors of z?
31
List the prime factors of -9 + 5 - 10/(-2) - -301.
2, 151
Let z = 3 - 43. Let r = 80 + z. What are the prime factors of r?
2, 5
Let c(z) = 4*z - 2*z**2 + z**2 + 0*z. List the prime factors of c(2).
2
Let r(s) = -s**2 + 14*s - 6. Let k be 2/4 - 17/(-2). List the prime factors of r(k).
3, 13
List the prime factors of (27/(-36))/((-1)/4).
3
Let r = 16 - 11. Suppose -2*s + 4*v = 9*v - 22, r*s - 55 = 3*v. What are the prime factors of s?
11
Let x(t) = -t**2 + 4*t - 3. Let w be x(3). Suppose -4*o + 0*o + 76 = w. What are the prime factors of o?
19
Let l be 0 - 8/4 - 7. What are the p